{"id":99,"date":"2021-03-28T19:57:44","date_gmt":"2021-03-28T17:57:44","guid":{"rendered":"https:\/\/inzidenz-deutschland.de\/?page_id=99"},"modified":"2021-03-28T19:57:44","modified_gmt":"2021-03-28T17:57:44","slug":"impressum","status":"publish","type":"page","link":"https:\/\/inzidenz-deutschland.de\/?page_id=99","title":{"rendered":"Impressum"},"content":{"rendered":"\n<p>Impressum<\/p>\n\n\n\n<p>(Diese Angaben dienen zur Information laut dem Telemediengesetz -TMG)<\/p>\n\n\n\n<p>Ansprechpartner und verantwortlich f\u00fcr den Inhalt dieser Seiten ist:<\/p>\n\n\n\n<p>1. Name und Anschrift:<br>Herr Andreas Gerzen<br>Am Sutumer Graben 23<br>45711 Datteln<br>2. Kommunikation:<br>Tel. +49 2363 8079966<br>Fax +49 2363 8079967<br>e-mail: info@dunkelfeld-mikroskope.de<br>www.dunkelfeld-mikroskope.de<\/p>\n\n\n\n<p>3.Entf\u00e4llt<\/p>\n\n\n\n<p>4. entf\u00e4llt<br>5. entf\u00e4llt<\/p>\n\n\n\n<p>6. Umsatzsteuer ID:<br>DE 815182111<\/p>\n\n\n\n<p>Inhalte des Onlineangebotes<br>Der Autor \u00fcbernimmt keinerlei Gew\u00e4hr f\u00fcr Vollst\u00e4ndigkeit, Aktualit\u00e4t, Qualit\u00e4t oder Korrektheit der bereitgestellten Informationen. Haftungsanspr\u00fcche gegen die Betreiber der Website oder den Autoren des Inhaltes, welche sich auf Sch\u00e4den materieller oder ideeller Art beziehen, die durch die Nutzung oder Nichtnutzung der dargebotenen Informationen bzw. durch die Nutzung fehlerhafter und unvollst\u00e4ndiger Informationen verursacht wurden, sind grunds\u00e4tzlich ausgeschlossen, sofern seitens des Autoren kein nachweislich vors\u00e4tzliches oder grob fahrl\u00e4ssiges Verschulden vorliegt.<\/p>\n\n\n\n<p>Urheberrechtshinweise:<br>Alle auf dieser Website ver\u00f6ffentlichten Inhalte und Abbildungen sind urheberrechtlich gesch\u00fctzt. Jede vom Urheberrechtsgesetz nicht zugelassene Verwertung bedarf unserer vorherigen und schriftlichen Zustimmung. Dies gilt insbesondere f\u00fcr Vervielf\u00e4ltigung, Bearbeitung, \u00dcbersetzung, Einspeicherung, Verarbeitung bzw. Wiedergabe von Inhalten in Datenbanken oder anderen elektronischen Medien und Systemen.<br>Wir behalten uns das Recht vor, die hier ver\u00f6ffentlichten Informationen jederzeit zu \u00e4ndern, zu erg\u00e4nzen oder zu l\u00f6schen.<br>Zur Linksetzung<br>Diese Website enth\u00e4lt direkte und indirekte Verweise auf externe Internetseiten. Es handelt sich hier um einen reinen Service f\u00fcr Besucher dieser Website. F\u00fcr Verweise auf fremde Internetseiten (&#8220;Links&#8221;), die au\u00dferhalb unseres Verantwortungsbereiches liegen, kann eine Haftungsverpflichtung ausschlie\u00dflich in dem Fall in Kraft treten, in dem wir von den Inhalten Kenntnis haben und es uns technisch m\u00f6glich und zumutbar w\u00e4re, die Nutzung im Falle rechtswidriger Inhalte zu verhindern.<\/p>\n\n\n\n<p>Wir erkl\u00e4ren daher ausdr\u00fccklich, dass zum Zeitpunkt der Linksetzung die entsprechenden verlinkten Seiten frei von illegalen Inhalten waren. Wir haben keinerlei Einfluss auf die aktuelle und zuk\u00fcnftige Gestaltung und auf die Inhalte der gelinkten\/verkn\u00fcpften Seiten. Deshalb distanzieren wir uns hiermit ausdr\u00fccklich von allen Inhalten aller gelinkten bzw. verkn\u00fcpften Seiten, die nach der Linksetzung ver\u00e4ndert wurden. Diese Feststellung gilt f\u00fcr alle innerhalb des eigenen Internetangebotes gesetzten Links und Verweise. F\u00fcr illegale, fehlerhafte oder unvollst\u00e4ndige Inhalte und insbesondere f\u00fcr Sch\u00e4den, die aus der Nutzung oder Nichtnutzung solcherart dargebotener Informationen entstehen, haftet allein der Anbieter der Seite, auf welche verwiesen wurde, nicht derjenige, der \u00fcber Links auf die jeweilige Ver\u00f6ffentlichung lediglich verweist.<\/p>\n\n\n\n<p>Sollten Sie trotz unserer sorgf\u00e4ltigen Recherchen einen aus Ihrer Sicht bedenklichen Link finden oder einen Link auf Ihre Seite nicht w\u00fcnschen, so teilen Sie uns dies einfach formlos per E-Mail mit. Zu Recht beanstandete Links werden wir unverz\u00fcglich entfernen, ohne dass Sie einen Rechtsbeistand bem\u00fchen m\u00fcssten.<\/p>\n\n\n\n<p>Rechtswirksamkeit<br>Dieser Haftungsausschluss geh\u00f6rt zum Inhalt der Website, von dem aus auf diese Seite verwiesen wurde. Sofern Teile oder einzelne Formulierungen dieses Textes der geltenden Rechtslage nicht, nicht mehr oder nicht vollst\u00e4ndig entsprechen sollten, bleiben die \u00fcbrigen Teile des Dokumentes in ihrem Inhalt und ihrer G\u00fcltigkeit davon unber\u00fchrt.<\/p>\n\n\n\n<p>Hinweis f\u00fcr Abmahnversuche<br>Keine Abmahnung ohne vorherigen Kontakt!<br>Sollte der Inhalt oder die Aufmachung dieser Seiten fremde Rechte Dritter oder gesetzliche Bestimmungen verletzen, so bitten wir um eine entsprechende Nachricht ohne Kostennote. Die Beseitigung einer m\u00f6glicherweise von diesen Seiten ausgehenden Schutzrecht-Verletzung durch Schutzrecht-InhaberInnen selbst darf nicht ohne meine Zustimmung stattfinden.<\/p>\n\n\n\n<p>Wir garantieren, dass die zu Recht beanstandeten Passagen unverz\u00fcglich entfernt werden, ohne dass von Ihrer Seite die Einschaltung eines Rechtsbeistandes erforderlich ist. Dennoch von Ihnen ohne vorherige Kontaktaufnahme ausgel\u00f6ste Kosten werden wir vollumf\u00e4nglich zur\u00fcckweisen und gegebenenfalls Gegenklage wegen Verletzung vorgenannter Bestimmungen einreichen. Vielen Dank f\u00fcr Ihr Verst\u00e4ndnis.<\/p>\n","protected":false},"excerpt":{"rendered":"<p>Impressum (Diese Angaben dienen zur Information laut dem Telemediengesetz -TMG) Ansprechpartner und verantwortlich f\u00fcr den Inhalt dieser Seiten ist: 1. Name und Anschrift:Herr Andreas GerzenAm Sutumer Graben 2345711 Datteln2. Kommunikation:Tel. +49 2363 8079966Fax +49 2363 8079967e-mail: info@dunkelfeld-mikroskope.dewww.dunkelfeld-mikroskope.de 3.Entf\u00e4llt 4. entf\u00e4llt5. entf\u00e4llt 6. Umsatzsteuer ID:DE 815182111 Inhalte des OnlineangebotesDer Autor \u00fcbernimmt keinerlei Gew\u00e4hr f\u00fcr Vollst\u00e4ndigkeit, Aktualit\u00e4t, [&hellip;]<\/p>\n","protected":false},"author":1,"featured_media":0,"parent":0,"menu_order":0,"comment_status":"closed","ping_status":"closed","template":"","meta":{"footnotes":""},"class_list":["post-99","page","type-page","status-publish","hentry"],"_links":{"self":[{"href":"https:\/\/inzidenz-deutschland.de\/index.php?rest_route=\/wp\/v2\/pages\/99","targetHints":{"allow":["GET"]}}],"collection":[{"href":"https:\/\/inzidenz-deutschland.de\/index.php?rest_route=\/wp\/v2\/pages"}],"about":[{"href":"https:\/\/inzidenz-deutschland.de\/index.php?rest_route=\/wp\/v2\/types\/page"}],"author":[{"embeddable":true,"href":"https:\/\/inzidenz-deutschland.de\/index.php?rest_route=\/wp\/v2\/users\/1"}],"replies":[{"embeddable":true,"href":"https:\/\/inzidenz-deutschland.de\/index.php?rest_route=%2Fwp%2Fv2%2Fcomments&post=99"}],"version-history":[{"count":1,"href":"https:\/\/inzidenz-deutschland.de\/index.php?rest_route=\/wp\/v2\/pages\/99\/revisions"}],"predecessor-version":[{"id":100,"href":"https:\/\/inzidenz-deutschland.de\/index.php?rest_route=\/wp\/v2\/pages\/99\/revisions\/100"}],"wp:attachment":[{"href":"https:\/\/inzidenz-deutschland.de\/index.php?rest_route=%2Fwp%2Fv2%2Fmedia&parent=99"}],"curies":[{"name":"wp","href":"https:\/\/api.w.org\/{rel}","templated":true}]}}